{"id":12,"date":"2019-11-03T13:28:49","date_gmt":"2019-11-03T12:28:49","guid":{"rendered":"https:\/\/billib-getraenke.de\/?page_id=12"},"modified":"2021-06-05T11:45:48","modified_gmt":"2021-06-05T10:45:48","slug":"unsere-leistungen","status":"publish","type":"page","link":"https:\/\/billib-getraenke.de\/?page_id=12","title":{"rendered":"Unser Service"},"content":{"rendered":"\n<p><strong>Ihr Durst ist unser Job<\/strong>&#8230;.<\/p>\n\n\n\n<p>Bei allen Fragen rund um ihre Getr\u00e4nkebestellung sind wir Ihnen gerne behilflich.<\/p>\n\n\n\n<p><\/p>\n\n\n\n<p class=\"has-text-align-center\"><strong><em>Bestellen Sie per Telefon, Fax oder E-Mail<\/em><\/strong><br>Die Auslieferung erfolgt nach Absprache.<br>Wir beliefern Betriebe, B\u00fcros, Einzelhandel, Gastronomie, Praxen, Private Haushalte, Veranstaltungen und Feiern, Vereine und vieles mehr.<br>Eine Getr\u00e4nkelieferung auf Kommission ist ebenfalls zu unseren Lieferbedingungen m\u00f6glich. F\u00fcr genaue Details sprechen Sie uns bitte an (Kontakt)<\/p>\n","protected":false},"excerpt":{"rendered":"<p>Ihr Durst ist unser Job&#8230;. Bei allen Fragen rund um ihre Getr\u00e4nkebestellung sind wir Ihnen gerne behilflich. Bestellen Sie per Telefon, Fax oder E-MailDie Auslieferung erfolgt nach Absprache.Wir beliefern Betriebe, B\u00fcros, Einzelhandel, Gastronomie, Praxen, Private Haushalte, Veranstaltungen und Feiern, Vereine &#8230; <a class=\"more-link\" href=\"https:\/\/billib-getraenke.de\/?page_id=12\">Read More &raquo;<\/a><\/p>\n","protected":false},"author":2,"featured_media":0,"parent":0,"menu_order":0,"comment_status":"closed","ping_status":"closed","template":"","meta":{"footnotes":""},"_links":{"self":[{"href":"https:\/\/billib-getraenke.de\/index.php?rest_route=\/wp\/v2\/pages\/12"}],"collection":[{"href":"https:\/\/billib-getraenke.de\/index.php?rest_route=\/wp\/v2\/pages"}],"about":[{"href":"https:\/\/billib-getraenke.de\/index.php?rest_route=\/wp\/v2\/types\/page"}],"author":[{"embeddable":true,"href":"https:\/\/billib-getraenke.de\/index.php?rest_route=\/wp\/v2\/users\/2"}],"replies":[{"embeddable":true,"href":"https:\/\/billib-getraenke.de\/index.php?rest_route=%2Fwp%2Fv2%2Fcomments&post=12"}],"version-history":[{"count":5,"href":"https:\/\/billib-getraenke.de\/index.php?rest_route=\/wp\/v2\/pages\/12\/revisions"}],"predecessor-version":[{"id":192,"href":"https:\/\/billib-getraenke.de\/index.php?rest_route=\/wp\/v2\/pages\/12\/revisions\/192"}],"wp:attachment":[{"href":"https:\/\/billib-getraenke.de\/index.php?rest_route=%2Fwp%2Fv2%2Fmedia&parent=12"}],"curies":[{"name":"wp","href":"https:\/\/api.w.org\/{rel}","templated":true}]}}